{"id":16,"date":"2023-10-23T13:22:51","date_gmt":"2023-10-23T11:22:51","guid":{"rendered":"http:\/\/batou.net\/?page_id=16"},"modified":"2024-12-09T17:07:17","modified_gmt":"2024-12-09T16:07:17","slug":"mbs-consulting","status":"publish","type":"page","link":"https:\/\/batou.net\/index.php\/mbs-consulting\/","title":{"rendered":"M&#038;BS Consulting"},"content":{"rendered":"<div class=\"wp-block-image\">\n<figure class=\"aligncenter size-large is-resized\"><img loading=\"lazy\" decoding=\"async\" width=\"1024\" height=\"262\" src=\"http:\/\/batou.net\/wp-content\/uploads\/2023\/11\/formation-1024x262.jpg\" alt=\"\" class=\"wp-image-68\" style=\"width:auto;height:292px\" srcset=\"https:\/\/batou.net\/wp-content\/uploads\/2023\/11\/formation-1024x262.jpg 1024w, https:\/\/batou.net\/wp-content\/uploads\/2023\/11\/formation-300x77.jpg 300w, https:\/\/batou.net\/wp-content\/uploads\/2023\/11\/formation-768x196.jpg 768w, https:\/\/batou.net\/wp-content\/uploads\/2023\/11\/formation.jpg 1276w\" sizes=\"auto, (max-width: 1024px) 100vw, 1024px\" \/><\/figure>\n<\/div>\n\n\n<figure class=\"wp-block-image size-full is-resized\"><img loading=\"lazy\" decoding=\"async\" width=\"740\" height=\"452\" src=\"http:\/\/batou.net\/wp-content\/uploads\/2024\/12\/image.gif\" alt=\"\" class=\"wp-image-113\" style=\"width:155px;height:auto\"\/><\/figure>\n\n\n\n<p><\/p>\n\n\n\n<p>M&amp;BS Consulting est une soci\u00e9t\u00e9 sp\u00e9cialis\u00e9e dans la s\u00e9curit\u00e9 et la s\u00fbret\u00e9 biologique, ainsi que dans le diagnostic microbiologique appliqu\u00e9 au domaine de la sant\u00e9 publique. Forte de son expertise reconnue, elle se concentre sur les pathog\u00e8nes dangereux et \u00e9mergents, jouant ainsi un r\u00f4le cl\u00e9 dans la pr\u00e9vention et la gestion des menaces biologiques \u00e0 l\u2019\u00e9chelle nationale et internationale.&nbsp;<\/p>\n\n\n\n<p>Dans un monde o\u00f9 les crises sanitaires li\u00e9es \u00e0 des agents infectieux hautement pathog\u00e8nes se multiplient, M&amp;BS Consulting s\u2019engage \u00e0 fournir des accompagnements personnalis\u00e9s. L\u2019entreprise travaille en \u00e9troite collaboration avec des institutions de sant\u00e9 publique, des laboratoires de recherche, et des organisations gouvernementales et non gouvernementales.&nbsp;&nbsp;<\/p>\n\n\n\n<p>Les services propos\u00e9s par M&amp;BS Consulting incluent :&nbsp;<\/p>\n\n\n\n<ul class=\"wp-block-list\">\n<li><strong>Audit, \u00e9valuation et gestion des risques biologiques<\/strong> : identification des pistes d\u2019am\u00e9lioration, r\u00e9daction de proc\u00e9dures et recommandations pour la pr\u00e9vention des incidents biologiques.\u00a0<\/li>\n<\/ul>\n\n\n\n<ul class=\"wp-block-list\">\n<li><strong>Diagnostic microbiologique <\/strong>: accompagnement au d\u00e9veloppement et \u00e0 la mise en place de tests de diagnostic rapide et pr\u00e9cis pour la d\u00e9tection des agents pathog\u00e8nes \u00e9mergents, facilitant ainsi une r\u00e9ponse rapide en cas d\u2019\u00e9pid\u00e9mie.\u00a0<\/li>\n<\/ul>\n\n\n\n<ul class=\"wp-block-list\">\n<li><strong>Formation <\/strong>: programmes de formation sp\u00e9cialis\u00e9s pour les professionnels de sant\u00e9, les chercheurs et les responsables de laboratoires, ax\u00e9s sur la manipulation s\u00fbre des pathog\u00e8nes dangereux et les bonnes pratiques en laboratoire.\u00a0<\/li>\n<\/ul>\n\n\n\n<ul class=\"wp-block-list\">\n<li><strong>Audit et conseil strat\u00e9gique en bios\u00e9curit\u00e9<\/strong> : accompagnement des organisations dans la conception et la mise en \u0153uvre de politiques de bios\u00e9curit\u00e9 et de s\u00fbret\u00e9 biologique conformes aux standards internationaux.\u00a0<\/li>\n<\/ul>\n\n\n\n<p>M&amp;BS Consulting se positionne comme un partenaire de confiance dans la lutte contre les menaces biologiques. L\u2019entreprise est guid\u00e9e par une vision claire : renforcer la r\u00e9silience des syst\u00e8mes de sant\u00e9 publique face aux d\u00e9fis pos\u00e9s par les pathog\u00e8nes \u00e9mergents et contribuer \u00e0 un monde mieux pr\u00e9par\u00e9 aux risques biologiques.&nbsp;<\/p>\n\n\n\n<p><\/p>\n\n\n\n<blockquote class=\"wp-block-quote is-layout-flow wp-block-quote-is-layout-flow\">\n<p><strong>Microbiology and BioSafety Consulting \/ Consultance en Microbiologie et Bios\u00e9curit\u00e9<\/strong><br><\/p>\n\n\n\n<p><\/p>\n\n\n\n<ul class=\"wp-block-list\">\n<li>Activit\u00e9s d&rsquo;expertise, audit, conseil, \u00e9valuation de risques, formation&#8230; dans les domaines du diagnostic microbiologique en sant\u00e9 publique et de la s\u00e9curit\u00e9 et s\u00fbret\u00e9 biologique.<\/li>\n<\/ul>\n\n\n\n<p> <\/p>\n\n\n\n<ul class=\"wp-block-list\">\n<li>Expertise aussi bien sur les aspects techniques et organisationnels que r\u00e9glementaires.<\/li>\n<\/ul>\n\n\n\n<p> <\/p>\n\n\n\n<ul class=\"wp-block-list\">\n<li>Possibilit\u00e9 d&rsquo;intervention en France et \u00e0 l&rsquo;\u00e9tranger.<\/li>\n<\/ul>\n<\/blockquote>\n\n\n\n<p><\/p>\n","protected":false},"excerpt":{"rendered":"<p>M&amp;BS Consulting est une soci\u00e9t\u00e9 sp\u00e9cialis\u00e9e dans la s\u00e9curit\u00e9 et la s\u00fbret\u00e9 biologique, ainsi que dans le diagnostic microbiologique appliqu\u00e9 au domaine de la sant\u00e9 publique. Forte de son expertise &#8230;<\/p>\n","protected":false},"author":1,"featured_media":0,"parent":0,"menu_order":0,"comment_status":"closed","ping_status":"closed","template":"","meta":{"footnotes":""},"class_list":["post-16","page","type-page","status-publish","hentry"],"_links":{"self":[{"href":"https:\/\/batou.net\/index.php\/wp-json\/wp\/v2\/pages\/16","targetHints":{"allow":["GET"]}}],"collection":[{"href":"https:\/\/batou.net\/index.php\/wp-json\/wp\/v2\/pages"}],"about":[{"href":"https:\/\/batou.net\/index.php\/wp-json\/wp\/v2\/types\/page"}],"author":[{"embeddable":true,"href":"https:\/\/batou.net\/index.php\/wp-json\/wp\/v2\/users\/1"}],"replies":[{"embeddable":true,"href":"https:\/\/batou.net\/index.php\/wp-json\/wp\/v2\/comments?post=16"}],"version-history":[{"count":24,"href":"https:\/\/batou.net\/index.php\/wp-json\/wp\/v2\/pages\/16\/revisions"}],"predecessor-version":[{"id":124,"href":"https:\/\/batou.net\/index.php\/wp-json\/wp\/v2\/pages\/16\/revisions\/124"}],"wp:attachment":[{"href":"https:\/\/batou.net\/index.php\/wp-json\/wp\/v2\/media?parent=16"}],"curies":[{"name":"wp","href":"https:\/\/api.w.org\/{rel}","templated":true}]}}